 1 + -4 + (-1 - -5) - 4.
-3
What is (1 - -4) + -5 - (6 + -1)?
-5
What is the value of -11 - (-3 + -11) - 14?
-11
What is (2 - (5 + -6)) + -2?
1
What is 7 - (8 - -4) - -6?
1
What is (-5 - (5 + -14)) + 0?
4
Evaluate -1 - (4 - 6) - (2 - 5).
4
What is (-2 - (-1 + 3 + -6)) + -7?
-5
Calculate 1 + -12 + 13 + 1 + 4.
7
What is the value of -5 + (4 - 8) + 6?
-3
What is the value of 0 + -5 + -10 + 3 + 5?
-7
What is the value of 11 + -1 + -4 + 0 + -5?
1
Calculate 10 - ((3 - -21) + -10).
-4
What is 6 + 8 + -10 - (2 - 3)?
5
-3 + -4 + (8 - -4)
5
What is (10 + -12 - 3) + 7?
2
(-4 - -9 - (3 + -9)) + -6
5
Calculate 3 - (17 + -11 + -4 + 1).
0
What is the value of 2 + -2 + 0 - 0 - 3?
-3
What is the value of -4 + 5 - (-2 - -8)?
-5
What is the value of 0 + -3 + 2 + 3?
2
What is the value of -1 + (0 - (6 + 1)) + 0?
-8
What is the value of 2 - (2 + -3 + 3)?
0
Calculate 5 - (7 + (-5 - -9 - 9)).
3
-14 - 2 - (-6 + -4 - -3)
-9
What is -5 - (-4 + 9) - -7?
-3
What is the value of 5 - (10 + (-1 - 2))?
-2
What is 0 + (-3 - 1) + 11?
7
Evaluate -4 - (0 + 7) - -7.
-4
(-7 - 2) + -5 + 23
9
Evaluate 1 - (0 - (-2 - 6)).
-7
Evaluate 3 + (-2 - (-3 - (-1 + -2))).
1
Calculate 1 + -2 + (7 - 11 - -1).
-4
What is the value of -40 + 40 + 0 + -3?
-3
Evaluate 0 + (-2 + -2 - -5).
1
Calculate 10 + -3 + (-8 - (1 - 5)).
3
-1 - (3 + 0 + -3)
-1
What is the value of 5 + -1 - (-7 - -7)?
4
What is (-1 - (6 + -2)) + 4?
-1
(9 - 2 - 14) + 12
5
Evaluate -6 - -1 - -5 - 2.
-2
What is the value of -6 + (-2 - ((-2 - -1) + -3))?
-4
-1 + (-6 - -1) + 1
-5
2 + (4 + -5 - 4)
-3
What is the value of -12 - (6 + -2 - 9 - 0)?
-7
What is 3 + (-5 - (0 - 2))?
0
Evaluate -1 - -5 - (3 + -2) - 4.
-1
Evaluate (9 - 16) + (8 - 1).
0
-6 + 5 - (3 - 1)
-3
What is -3 - (16 + -2 - 10)?
-7
Calculate 0 + 4 - (8 - (3 - 2)).
-3
Evaluate 9 + -5 - (-2 + -2 + 3).
5
1 + -7 + (-3 - 2) + 11
0
What is the value of -2 - -7 - 2 - 0?
3
What is 1 + -9 + 3 + 4?
-1
What is the value of (2 - (3 + 0)) + (3 - 0)?
2
What is -85 - -73 - (1 + -8)?
-5
Calculate -2 + 1 + -15 + 19.
3
-4 + 5 - (-4 + (-3 - -11))
-3
Evaluate -7 + 1 + -2 + 7.
-1
Evaluate 6 + -3 + -2 + -4 + 4.
1
What is the value of (-11 - -4) + (5 - 1)?
-3
Calculate (-4 - (-5 + 3 - 4)) + 1.
3
-2 + (4 - (10 + -9))
1
What is -2 + -4 + 4 - 5 - -1?
-6
Evaluate -1 + 5 - 1 - (5 - 0).
-2
What is (4 - ((6 - 2) + 4)) + -2?
-6
What is (14 + -7 - 6) + 3?
4
3 - (0 - (2 + 4 + -9))
0
What is the value of -4 + (3 - -2) - -3?
4
0 + -2 - 1 - -8
5
(-4 - -1) + -1 - (3 + -3)
-4
What is 10 - (1 + 3) - (1 - -2)?
3
Calculate 1 + -3 + (-6 - -14).
6
(3 - (1 - 3)) + -10 - -5
0
What is the value of (6 - 7 - 3) + 2?
-2
Evaluate -5 + 2 + 9 + -1 + 0.
5
What is 2 + 2 - 5 - -1?
0
What is 0 + (4 - (1 - -3)) + 2?
2
What is 3 + 10 + -10 + (1 - 3)?
1
What is the value of -15 + 10 + (1 - (0 + 3))?
-7
Evaluate 1 + 6 - (71 - 68).
4
Evaluate (-5 - -3) + (1 - 3).
-4
What is the value of 6 - 3 - -2 - 5?
0
Evaluate -6 + -12 + 12 + 3.
-3
-5 + 2 + (-1 - -9)
5
Evaluate -6 - (-8 + 8 + 7 + -11).
-2
Calculate -5 + 2 + (7 - (5 + -1)).
0
Calculate (-23 - -23) + (-4 + 0 - -1).
-3
Calculate (3 - -3) + 2 + -4 + 0.
4
Evaluate 6 - 2 - (4 + -3 + -1).
4
What is 0 + (3 - 0) - 1 - 8?
-6
Calculate (3 + -4 - -2) + (8 - -1).
10
Evaluate -5 + 0 + 3 + -3.
-5
Calculate 5 + (-1 - 2) + 0.
2
Evaluate (-3 - -8 - 9) + 2.
-2
Evaluate 12 + -2 + 2 + -1 + -1.
10
-3 + 9 - (3 + (2 - 1))
2
(-9 - -10) + -8 + (-1 - -3)
-5
What is 13 + -15 + 5 + -9?
-6
What is the value of 7 - (-1 - -3 - -2) - 7?
-4
What is 2 + -9 + 1 - (11 + -15)?
-2
Evaluate -7 + -3 - (-4 + -6).
0
Calculate 5 + -10 + 5 + -2 + 4.
2
What is the value of 0 + (2 - 5) + (4 - -1)?
2
What is the value of (5 - 1) + 14 + -23?
-5
Calculate -2 + 7 + 0 + -7 + 2.
0
What is -14 - -4 - -2 - -11?
3
Calculate 0 + -7 + (11 + -10 - -8).
2
What is the value of 6 + -1 + -14 + 7?
-2
Calculate -1 + (-4 - -5) + 2 - -2.
4
What is 0 - (-1 - 3) - (0 + -1)?
5
What is the value of (-3 + 3 - (-5 + 8)) + -3?
-6
What is the value of 2 - 4 - (-2 + (-2 - 3))?
5
Calculate 1 + (-6 - -8 - -1).
4
What is 3 + 2 - (2 - 2)?
5
9 + -10 + 10 + -2
7
Evaluate -5 + 2 - (2 + (-3 - -1)).
-3
1 - (0 - 4) - 0
5
What is -7 + 2 + 7 + -2 + 2?
2
Calculate -4 + (4 - 1 - 2) - 2.
-5
Evaluate -2 + 2 - (2 + -4 + 4).
-2
What is the value of -3 + (-6 - -9) + -1 + 0?
-1
What is the value of (3 + 2 - 11) + 0?
-6
-5 + 5 + 1 + -4 - -2
-1
What is (18 - 24) + (17 - 4)?
7
What is -25 + 25 + (0 - 3)?
-3
Evaluate -15 + 1 + 5 - -8.
-1
Calculate (6 - ((-1 - 3) + 10)) + 4.
4
4 + (2 - 5) + 0 + 1
2
Calculate 3 - (-1 + -10 - -16).
-2
Evaluate -1 + 5 - (8 - 1).
-3
(-4 - -2) + -1 - -6 - 4
-1
Evaluate -3 + (-2 - 0) + 1.
-4
Evaluate 3 + 0 + -6 - -2.
-1
-12 + (-6 - -13) + -4
-9
Evaluate 1 + 0 - (6 + -20 - -13).
2
What is the value of 2 + 4 + (2 - 0 - 2)?
6
Calculate (-1 + 4 - 2) + -2.
-1
What is the value of -2 + 0 - (-4 - (-15 - -16))?
3
Evaluate 4 + -1 - (-2 + (0 - 1)).
6
What is -1 - 12 - (-118 - -108)?
-3
Evaluate 1 + -3 + (-5 - -12).
5
(0 - -7) + (5 + -1 - 8)
3
Calculate -2 + 3 + -6 + (-4 - -6).
-3
Evaluate (11 - (-6 - -5)) + -8.
4
-11 + (-8 - -5 - -12)
-2
(3 - (0 - -1)) + 3
5
What is the value of -3 - (5 - (1 + 0) - 6)?
-1
(4 - 6) + -11 + 6
-7
0 + -5 + (-29 - -14) + 13
-7
Evaluate 4 - (-1 - (-2 - (-3 + 5))).
1
What is the value of -2 + 0 + -3 + 0 + 2?
-3
What is 3 - 3 - (-2 + (2 - 0))?
0
2 + 0 + (-3 - -7) + -3
3
(-1 - 3) + (5 + -3 - 2)
-4
What is 2 - (-2 + 2 + -1)?
3
What is the value of -1 + -6 - (-30 - -28)?
-5
What is 0 + 2 + 3 + 4?
9
Calculate (0 - 1) + (-19 - -14).
-6
What is the value of 6 + 3 + -9 + -5?
-5
4 + (2 + 3 - 3)
6
Evaluate 1 + -4 - (3 - 5).
-1
Evaluate -4 + (1 - 1) - -8.
4
Calculate -2 - (-2 - -6 - 12).
6
What is the value of -33 + 32 - (-1 - -1)?
-1
What is -5 + -7 - 0 - -10?
-2
What is the value of 15 + (4 - 3) + -2 - 7?
7
What is the value of -1 + (3 + 2 - 16) + 7?
-5
What is -31 + 37 - (-1 - -7) - 5?
-5
-2 + -1 + -2 + 1
-4
What is -1 + 13 + 2 + -3 + -5?
6
What is (0 - -5) + -2 + 1 + -2?
2
Evaluate 18 + (-6 + -10 - -5).
7
What is the value of 0 + -1 - (64 + -59)?
-6
What is the value of -1 - (0 - -1 - (-1 + 3))?
0
Calculate 0 + -2 + 1 - (1 - 1).
-1
-4 + (6 - (8 - 3))
-3
What is the value of 15 + -12 + 5 + -4?
4
What is -3 - (6 - 12) - 3?
0
Evaluate 1 - 3 - (-2 + -4) - 5.
-1
-1 - (-4 + -7 + 4 + 10)
-4
6 + (1 + -2 - 2)
3
What is 0 + -5 - 7 - -11?
-1
Calculate -1 - 1 - (7 + -8).
-1
Calculate 6 - 8 - (3 - 6).
1
(-2 - -4) + (5 - (-1 + 9))
-1
What is 29 - 15 - (2 + 5)?
7
Calculate (-2 - (-13 + 12)) + -6.
-7
(11 - 3) + (-6 - -1) + 2
5
What is 1 - (-1 - 0) - (764 - 754)?
-8
Evaluate -3 + (0 - 2) - 0.
-5
What is -1 + (3 - 2 - -3) + 0?
3
Calculate -1 + 4 - (218 + -216).
1
Calculate -6 + 2 + 2 + -2.
-4
Evaluate 5 + 3 + 4 + -9.
3
What is (3 - (2 + 5)) + (0 - -3)?
-1
What is -13 + 10 + (0 - 1) + 2?
-2
Evaluate (3 - -1) + -15 + 7.
-4
7 + (-3 - (8 - 5)) + 0
1
What is 0 + (3 - (4 - 5))?
4
Calculate (-7 + 0 - -8) + 1 + -4.
-2
Calculate 4 + (-3 + 1 - 6) + 1.
-3
Calculate -2 + (-3 - -9) - 2.
2
What is the value of -5 + 10 - 3 - (-1 + 1)?
2
Calculate -4 + -1 + -3 + 5.
-3
What is the value of -8 - (2 + -12 + 3)?
-1
-7 - (-3 - (8 + 0))
4
What is 0 + 9 + -103 + 98?
4
Calculate -5 - -2 - (0 + -1).
-2
2 + 1 - (-8 + 9 + 6)
-4
Evaluate 3 + 2 + 0 - (4 + -1).
2
Evaluate 10 - (1 + -8 + -1 + 10).
8
What is the value of 3 + -11 + 2 + 8 - -4?
6
Evaluate -15 + (-3 - -9) + (0 - 0).
-9
Evaluate -2 + (3 - -2 - 4).
-1
What is the value of 4 + -14 + 2 + -6 + 5?
-9
Evaluate (-8 - 0) + 1 - -10.
3
What is -1 - (-3 + 1) - 5?
-4
What is -1 + 2 + (-3 - -2) - 3?
-3
17 + (-17 - -9) + -10
-1
What is the value of -8 - (-6 + (-2 - 6))?
6
383 + -387 - (-8 - (-1 + 0))
3
What is the value of 133 + -131 + (-2 - (2 - 9))?
7
What is the value of (-3 - 1) + (3 - (8 - 6))?
-3
Calculate 13 + (5 - -7 - 4) + -13.
8
Calculate (-4 - (1 - 2)) + (5 - 2).
0
What is the value of -1 + 9 + -4 + -7 + 4?
1
What is the value of -6 + 12 + -1 - (-1 - -2)?
4
What is the value of 2 - (-1 - (1 + -2))?
2
Calculate 1 + 1 - -2 - 0.
4
What is 1 - (5 + -10 + 6) - -1?
1
What is the value of -11 - (-19 - -11) - (1 - 8)?
4
Evaluate -3 - (5 - (0 - (1 - 1))).
-8
Evaluate -30 - (5 + -22) - (-7 + 0).
-6
Evaluate 0 + -6 + (177 - 165).
6
(-6 + -5 - -19) + -5 + 0
3
Calculate -4 + 10 - (-3 - -3 - -1).
5
What is (1 - 0) + -3 + (-3 - -2)?
-3
5 - (-4